{"id":20181,"date":"2025-01-16T11:46:13","date_gmt":"2025-01-16T11:46:13","guid":{"rendered":"https:\/\/www.escolasdesoure.pt\/web\/?page_id=20181"},"modified":"2025-11-21T14:09:14","modified_gmt":"2025-11-21T14:09:14","slug":"portal-da-transparencia","status":"publish","type":"page","link":"https:\/\/www.escolasdesoure.pt\/web\/documentos\/portal-da-transparencia\/","title":{"rendered":"Portal da Transpar\u00eancia"},"content":{"rendered":"\n<figure class=\"wp-block-table is-style-stripes jstable\"><table><tbody><tr><td><a href=\"https:\/\/drive.google.com\/file\/d\/1jnfl6mDhhdTUw0gXxAsRUPgA7zjxACv0\/view?usp=drive_link\" target=\"_blank\" rel=\"noreferrer noopener\"><img decoding=\"async\" width=\"32\" height=\"32\" src=\"http:\/\/www.escolasdesoure.pt\/web\/wp-content\/uploads\/2016\/03\/pdf.png\" alt=\"pdf\"\/><\/a><\/td><td>C\u00f3digo de \u00e9tica e de conduta<\/td><\/tr><tr><td><a href=\"https:\/\/drive.google.com\/file\/d\/1IoAJaZBaiSk1PWtsup8-IsZGUtOWKNrx\/view?usp=drive_link\"><img decoding=\"async\" width=\"32\" height=\"32\" src=\"http:\/\/www.escolasdesoure.pt\/web\/wp-content\/uploads\/2016\/03\/pdf.png\" alt=\"pdf\"\/><\/a><\/td><td>Plano de preven\u00e7\u00e3o de riscos (PPR)<\/td><\/tr><\/tbody><\/table><\/figure>\n\n\n\n<p class=\"has-text-align-center\"><strong>Preven\u00e7\u00e3o de confiltos de interesses<\/strong><\/p>\n\n\n\n<p>Deve ser utilizado o modelo abaixo para declarar quaisquer conflitos de interesses, garantindo transpar\u00eancia e conformidade com as normas estabelecidas<\/p>\n\n\n\n<figure class=\"wp-block-table is-style-stripes jstable\"><table><tbody><tr><td><a href=\"https:\/\/drive.google.com\/uc?export=download&amp;id=1WsEo-7Smtv1SZCutkRqktA7aXcO_lziS\" target=\"_blank\" rel=\"noreferrer noopener\"><img decoding=\"async\" width=\"32\" height=\"32\" src=\"https:\/\/www.escolasdesoure.pt\/web\/wp-content\/uploads\/2025\/01\/docx.png\" alt=\"pdf\"\/><\/a><\/td><td><strong>Declara\u00e7\u00e3o de preven\u00e7\u00e3o de confiltos de interesses<\/strong><\/td><\/tr><\/tbody><\/table><\/figure>\n\n\n\n<div style=\"height:44px\" aria-hidden=\"true\" class=\"wp-block-spacer\"><\/div>\n\n\n\n<p class=\"has-text-align-center\"><strong>Relat\u00f3rios<\/strong><\/p>\n\n\n\n<figure class=\"wp-block-table is-style-stripes jstable\"><table><tbody><tr><td><a href=\"https:\/\/drive.google.com\/file\/d\/1tsvAp-gx-7dQRdpXNqUrQWjUEs9otClP\/view?usp=sharing\" target=\"_blank\" rel=\"noreferrer noopener\"><img decoding=\"async\" width=\"32\" height=\"32\" src=\"http:\/\/www.escolasdesoure.pt\/web\/wp-content\/uploads\/2016\/03\/pdf.png\" alt=\"pdf\"\/><\/a><\/td><td>PPR &#8211; Relat\u00f3rio de avalia\u00e7\u00e3o intercalar 2025<\/td><\/tr><\/tbody><\/table><\/figure>\n\n\n\n<p><\/p>\n","protected":false},"excerpt":{"rendered":"<p>C\u00f3digo de \u00e9tica e de conduta Plano de preven\u00e7\u00e3o de riscos (PPR) Preven\u00e7\u00e3o de confiltos de interesses Deve ser utilizado o modelo abaixo para declarar<a href=\"https:\/\/www.escolasdesoure.pt\/web\/documentos\/portal-da-transparencia\/\" class=\"more-link\"><span class=\"screen-reader-text\"> &#8220;Portal da Transpar\u00eancia&#8221;<\/span><\/a><\/p>\n","protected":false},"author":1,"featured_media":0,"parent":11646,"menu_order":0,"comment_status":"closed","ping_status":"closed","template":"","meta":{"footnotes":""},"class_list":["post-20181","page","type-page","status-publish","hentry"],"_links":{"self":[{"href":"https:\/\/www.escolasdesoure.pt\/web\/wp-json\/wp\/v2\/pages\/20181","targetHints":{"allow":["GET"]}}],"collection":[{"href":"https:\/\/www.escolasdesoure.pt\/web\/wp-json\/wp\/v2\/pages"}],"about":[{"href":"https:\/\/www.escolasdesoure.pt\/web\/wp-json\/wp\/v2\/types\/page"}],"author":[{"embeddable":true,"href":"https:\/\/www.escolasdesoure.pt\/web\/wp-json\/wp\/v2\/users\/1"}],"replies":[{"embeddable":true,"href":"https:\/\/www.escolasdesoure.pt\/web\/wp-json\/wp\/v2\/comments?post=20181"}],"version-history":[{"count":8,"href":"https:\/\/www.escolasdesoure.pt\/web\/wp-json\/wp\/v2\/pages\/20181\/revisions"}],"predecessor-version":[{"id":21561,"href":"https:\/\/www.escolasdesoure.pt\/web\/wp-json\/wp\/v2\/pages\/20181\/revisions\/21561"}],"up":[{"embeddable":true,"href":"https:\/\/www.escolasdesoure.pt\/web\/wp-json\/wp\/v2\/pages\/11646"}],"wp:attachment":[{"href":"https:\/\/www.escolasdesoure.pt\/web\/wp-json\/wp\/v2\/media?parent=20181"}],"curies":[{"name":"wp","href":"https:\/\/api.w.org\/{rel}","templated":true}]}}