{"id":2,"date":"2009-10-13T19:29:09","date_gmt":"2009-10-13T18:29:09","guid":{"rendered":"http:\/\/escolasdesoure.pt\/web\/?page_id=2"},"modified":"2019-06-14T17:25:21","modified_gmt":"2019-06-14T16:25:21","slug":"patrono","status":"publish","type":"page","link":"https:\/\/www.escolasdesoure.pt\/web\/agrupamento\/patrono\/","title":{"rendered":"Patrono"},"content":{"rendered":"<p style=\"text-align: justify;\"><strong>Martinho \u00c1rias<\/strong><\/p>\n<p style=\"text-align: justify;\">Envolto em lenda e mist\u00e9rio, o her\u00f3i da reconquista crist\u00e3 e do povoamento de Soure, Martinho \u00c1rias ou S. Martinho de Soure, na invoca\u00e7\u00e3o popular, apesar de n\u00e3o ser natural de Soure, veio para esta localidade quando j\u00e1 era c\u00f3nego da S\u00e9 de Coimbra, com seu irm\u00e3o Mendo, tamb\u00e9m eclesi\u00e1stico do mesmo cabido.<\/p>\n<p style=\"text-align: justify;\">Sup\u00f5e-se que, ap\u00f3s a investido mu\u00e7ulmana e a destrui\u00e7\u00e3o do castelo de Soure, Martinho \u00c1rias foi encarregado de ali restaurar a igreja e de prestar assist\u00eancia religiosa aos moradores.  Esta miss\u00e3o tornava-se ingrata e perigosa porque Soure se situava no limite do territ\u00f3rio crist\u00e3o e a popula\u00e7\u00e3o era composta de crist\u00e3os e de mouros, que coexistiam na diversidade dos seus cultos e costumes.  L\u00ea-se na &#8220;Vida de S. Martinho de Soure&#8221;, escrita por um monge do S\u00e9c.XIII, que era um homem de grande cora\u00e7\u00e3o e muito querido dos seus paroquianos<\/p>\n<p style=\"text-align: justify;\">Segundo o cronista, em 1144, o governador de Santar\u00e9m Abu-Zakaharia ocupou Soure, que destruiu e levou cativa parte da popula\u00e7\u00e3o para Santar\u00e9m, com excep\u00e7\u00e3o de Martinho \u00c1rias, que foi conduzido a C\u00f3rdova, onde viria a morrer anos mais tarde.<\/p>\n<p style=\"text-align: justify;\">Quando D. Afonso Henriques, ajudado pelos cavaleiros da Ordem do Templo de Soure, em 1147, conquistou Santar\u00e9m e libertou os sourenses cativos j\u00e1 Martinho \u00c1rias estava em C\u00f3rdova, n\u00e3o tendo tido oportunidade de presenciar aquilo por que lutou durante toda a vida.<br \/>\nApesar do seu perfil lend\u00e1rio, S. Martinho de Soure \u00e9 um s\u00edmbolo da afirma\u00e7\u00e3o e da vontade de autonomia de um povo contra a prova\u00e7\u00e3o e a adversidade que merece recorda\u00e7\u00e3o, como sinal inequ\u00edvoco de identidade.\n<\/p>\n<p style=\"text-align: right;\">(Despacho n\u00ba 12422\/97, de 11 de Novembro)<\/p>\n","protected":false},"excerpt":{"rendered":"<p>Martinho \u00c1rias Envolto em lenda e mist\u00e9rio, o her\u00f3i da reconquista crist\u00e3 e do povoamento de Soure, Martinho \u00c1rias ou S. Martinho de Soure, na<a href=\"https:\/\/www.escolasdesoure.pt\/web\/agrupamento\/patrono\/\" class=\"more-link\"><span class=\"screen-reader-text\"> &#8220;Patrono&#8221;<\/span><\/a><\/p>\n","protected":false},"author":1,"featured_media":0,"parent":550,"menu_order":8,"comment_status":"closed","ping_status":"closed","template":"","meta":{"footnotes":""},"class_list":["post-2","page","type-page","status-publish","hentry"],"_links":{"self":[{"href":"https:\/\/www.escolasdesoure.pt\/web\/wp-json\/wp\/v2\/pages\/2","targetHints":{"allow":["GET"]}}],"collection":[{"href":"https:\/\/www.escolasdesoure.pt\/web\/wp-json\/wp\/v2\/pages"}],"about":[{"href":"https:\/\/www.escolasdesoure.pt\/web\/wp-json\/wp\/v2\/types\/page"}],"author":[{"embeddable":true,"href":"https:\/\/www.escolasdesoure.pt\/web\/wp-json\/wp\/v2\/users\/1"}],"replies":[{"embeddable":true,"href":"https:\/\/www.escolasdesoure.pt\/web\/wp-json\/wp\/v2\/comments?post=2"}],"version-history":[{"count":10,"href":"https:\/\/www.escolasdesoure.pt\/web\/wp-json\/wp\/v2\/pages\/2\/revisions"}],"predecessor-version":[{"id":6372,"href":"https:\/\/www.escolasdesoure.pt\/web\/wp-json\/wp\/v2\/pages\/2\/revisions\/6372"}],"up":[{"embeddable":true,"href":"https:\/\/www.escolasdesoure.pt\/web\/wp-json\/wp\/v2\/pages\/550"}],"wp:attachment":[{"href":"https:\/\/www.escolasdesoure.pt\/web\/wp-json\/wp\/v2\/media?parent=2"}],"curies":[{"name":"wp","href":"https:\/\/api.w.org\/{rel}","templated":true}]}}